lse
Is 289457 composite?
True
Is 1035131 a composite number?
False
Is 328406471 prime?
True
Is 10867957 prime?
True
Is 112724657 a prime number?
True
Is 9800995 prime?
False
Is 3975031 a composite number?
False
Is 96622982 composite?
True
Is 253896503 a composite number?
True
Is 3628013 prime?
False
Is 3170459 prime?
True
Is 4854091 prime?
False
Is 131558797 a composite number?
True
Is 4600231 a composite number?
False
Is 1198447 composite?
False
Is 143777869 a composite number?
True
Is 28217939 a composite number?
True
Is 12270127 a prime number?
False
Is 6160927 a composite number?
False
Is 12494841 a prime number?
False
Is 474804731 prime?
True
Is 677531 a composite number?
False
Is 4043869 composite?
False
Is 40952021 composite?
True
Is 225341 a composite number?
False
Is 243344753 composite?
True
Is 18708031 a composite number?
True
Is 15350901 prime?
False
Is 488984147 a prime number?
True
Is 18750839 prime?
False
Is 1007602987 a prime number?
False
Is 6649063 prime?
True
Is 45058187 composite?
False
Is 139072441 a composite number?
False
Is 8446831 prime?
False
Is 546461 a prime number?
True
Is 3359617 prime?
False
Is 812857289 prime?
True
Is 464741 composite?
False
Is 194539217 prime?
True
Is 4026091 prime?
False
Is 241797221 a prime number?
False
Is 10003121 a prime number?
True
Is 53919299 prime?
False
Is 38733623 composite?
False
Is 14249687 prime?
True
Is 193423 a prime number?
True
Is 1044269 prime?
False
Is 6640967 composite?
False
Is 3606389 composite?
False
Is 4777181 a composite number?
True
Is 133549597 composite?
True
Is 8007061 composite?
True
Is 72977467 composite?
False
Is 3605291 composite?
False
Is 371617 composite?
False
Is 12197189 a prime number?
True
Is 449741861 composite?
True
Is 79880279 composite?
True
Is 38714801 a prime number?
False
Is 3797399 composite?
True
Is 15589403 a composite number?
False
Is 3225517 prime?
True
Is 2676269 a composite number?
False
Is 143627345 a prime number?
False
Is 165080077 a composite number?
False
Is 41936027 prime?
False
Is 14699591 a composite number?
False
Is 66619391 a composite number?
True
Is 31890673 a prime number?
False
Is 673401 prime?
False
Is 173941373 a prime number?
True
Is 3160519 a prime number?
True
Is 2281063 prime?
False
Is 42975233 a composite number?
True
Is 127032371 prime?
True
Is 7331263 prime?
False
Is 779452939 composite?
False
Is 4245061 composite?
True
Is 18826495 a composite number?
True
Is 10261313 a composite number?
True
Is 29977 a prime number?
False
Is 3612407 composite?
False
Is 3751435 prime?
False
Is 12731302 a composite number?
True
Is 2740919 composite?
False
Is 12285971 composite?
False
Is 123315571 a prime number?
True
Is 35543185 a composite number?
True
Is 2319257869 composite?
False
Is 12412657 a composite number?
False
Is 86406379 composite?
False
Is 52067437 composite?
False
Is 9624103 composite?
False
Is 1479509 composite?
True
Is 2159167 composite?
True
Is 568608493 a prime number?
True
Is 241326947 prime?
True
Is 35004727 a prime number?
True
Is 247878259 a composite number?
False
Is 11025799 prime?
True
Is 36677629 composite?
True
Is 845017 prime?
True
Is 572979691 a prime number?
True
Is 836608207 a composite number?
False
Is 12457717 prime?
True
Is 375021106 a composite number?
True
Is 523386077 composite?
True
Is 14547439 prime?
True
Is 2428529 prime?
True
Is 110231683 a prime number?
False
Is 1400159 a prime number?
True
Is 21885841 prime?
False
Is 49204297 a prime number?
True
Is 63951887 composite?
True
Is 27884147 a composite number?
False
Is 95522155 prime?
False
Is 27547717 a composite number?
True
Is 55013029 a prime number?
False
Is 6620798 composite?
True
Is 4376543 a prime number?
False
Is 77652437 a composite number?
True
Is 186727727 composite?
True
Is 8771857 prime?
True
Is 737497 a composite number?
False
Is 2120109 composite?
True
Is 113643701 a prime number?
True
Is 689527613 composite?
True
Is 8850889 a prime number?
False
Is 2840501 a prime number?
False
Is 326587 prime?
False
Is 392261 prime?
True
Is 1163867 prime?
False
Is 17616881 prime?
True
Is 15083447 a composite number?
False
Is 3728471 a composite number?
False
Is 43638211 a composite number?
False
Is 397594273 composite?
True
Is 679181 a composite number?
True
Is 34237453 a prime number?
False
Is 29068687 a composite number?
True
Is 18956963 composite?
False
Is 4405279 prime?
False
Is 2101985 a prime number?
False
Is 171293 a composite number?
False
Is 9154631 composite?
False
Is 13551791 a composite number?
True
Is 620758186 prime?
False
Is 903335 prime?
False
Is 18391369 composite?
False
Is 983771 a prime number?
True
Is 34665229 a prime number?
True
Is 15544021 a composite number?
True
Is 15422959 composite?
False
Is 4351103 composite?
False
Is 77603366 composite?
True
Is 12350677 a prime number?
False
Is 4247539 prime?
True
Is 2684021 composite?
False
Is 13067609 a composite number?
False
Is 50558717 composite?
True
Is 22412549 a composite number?
False
Is 279046277 a composite number?
False
Is 40503653 a prime number?
True
Is 24626027 a prime number?
True
Is 46542869 a prime number?
False
Is 2100313 a prime number?
True
Is 132570467 composite?
True
Is 32796707 prime?
True
Is 65775371 prime?
True
Is 42884033 prime?
True
Is 140363 prime?
True
Is 1171998251 a composite number?
True
Is 1217893 a composite number?
False
Is 15629353 prime?
False
Is 2712223 a prime number?
True
Is 58577801 composite?
True
Is 18534767 composite?
True
Is 303772591 prime?
True
Is 9873433 composite?
False
Is 9006313 a composite number?
False
Is 6335089 a composite number?
True
Is 36968021 a prime number?
True
Is 11869493 prime?
True
Is 14088279 a prime number?
False
Is 26707781 prime?
True
Is 126167 a composite number?
True
Is 534525853 a prime number?
False
Is 70006855 a prime number?
False
Is 125732843 composite?
False
Is 2003951 a prime number?
True
Is 3029071 prime?
True
Is 529713181 composite?
False
Is 1715965 composite?
True
Is 16470689 prime?
True
Is 73354777 prime?
False
Is 584411 prime?
True
Is 11929 prime?
False
Is 4444397 a composite number?
False
Is 39925139 a prime number?
True
Is 105015439 a composite number?
False
Is 23483717 a prime number?
False
Is 431351759 a composite number?
True
Is 61320937 a composite number?
False
Is 13872667 a prime number?
False
Is 10218829 a composite number?
False
Is 3710561 prime?
True
Is 1216391 composite?
True
Is 5747627 prime?
False
Is 4311257 composite?
False
Is 729691 composite?
True
Is 4429003 a prime number?
False
Is 63533803 prime?
False
Is 25925429 a prime number?
True
Is 28698613 composite?
False
Is 23686051 composite?
False
Is 40683073 prime?
False
Is 1136287 a composite number?
False
Is 15755035 a composite number?
True
Is 39493 a composite number?
True
Is 147607 composite?
False
Is 4670767 prime?
False
Is 316302319 a composite number?
False
Is 12353609 a composite number?
False
Is 17517763 a prime number?
True
Is 7687671 a composite number?
True
Is 20086481 a composite number?
True
Is 12985657 a composite number?
False
Is 12946587 prime?
False
Is 828397 prime?
True
Is 491681 a composite number?
True
Is 7049521 a composite number?
False
Is 5105615 prime?
False
Is 315135619 a composite number?
False
Is 2775587 prime?
False
Is 696053 a prime number?
True
Is 34563097 a prime number?
True
Is 482520079 composite?
False
Is 20808206 a prime number?
False
Is 20799869 composite?
False
Is 44665051 composite?
False
Is 62003031 prime?
False
Is 141887771 composite?
True
Is 21869117 a composite number?
True
Is 215338055 composite?
True
Is 9200837 a prime number?
True
Is 4484099 prime?
True
Is 1910471 a prime number?
True
Is 37366691 prime?
True
Is 18998321 composite?
False
Is 1531217 a prime number?
True
Is 13907027 a prime number?
True
Is 17266737 a composite number?
True
Is 230340909 composite?
True
Is 1924579 composite?
False
Is 39054005 composite?
True
Is 35427103 prime?
True
Is 45522781 prime?
True
Is 4913033 composite?
True
Is 222584267 prime?
False
Is 32572685 prime?
False
Is 79651961 prime?
True
Is 4506893 a composite number?
False
Is 2983922 a prime number?
False
Is 20026453 prime?
False
Is 110616377 composite?
True
Is 3757073 a composite number?
True
Is 103568281 a composite number?
False
Is 15351173 prime?
True
Is 